- g. Is g composite?
False
Suppose -2*w - 4*s - 2 = 0, 2*w - 3*s - 8 = -3*w. Is (-192 + w)*(-1)/1 composite?
False
Let z(w) = -w**3 - 5*w**2 + 2. Let l be z(-5). Suppose 3*m + 210 = l*k, 2*m + m = -5*k + 567. Is k prime?
False
Suppose 3*z = 4*z. Suppose -155 = -5*r - z*r. Is r a composite number?
False
Let r(n) = 4*n - 3. Let g be r(-4). Let s = 184 - g. Is s a prime number?
False
Suppose 26 = d - 36. Suppose 123 = 5*z - d. Is z a composite number?
False
Let o = -5 - -11. Suppose -16 = -4*v, -5*w - 3*v = -o*v - 548. Suppose g = -3*g + 5*t + 227, -2*g = -2*t - w. Is g a prime number?
True
Let g(y) = 2 - 2*y - 4 + 1. Let x = 4 + -6. Is g(x) composite?
False
Let d(z) = 14*z**2 - 8*z + 5. Is d(-6) prime?
True
Suppose 2*w - b = b + 2, 3*w = 4*b + 1. Is 3556/(w + 1)*1 prime?
False
Let o(b) = -25*b + 1. Is o(-2) prime?
False
Suppose 596 = 3*v + v. Suppose -h - 4*x = -v, -4*h + x - 2*x = -581. Is h a prime number?
False
Is 3219/27 - 4/18 a composite number?
True
Let n(k) = -55*k - 8. Is n(-3) a prime number?
True
Let k = 7 + -5. Let p(l) = 3*l**2 + 3*l + 24. Let q be p(-7). Suppose 3*w = c - k*w - q, 4*c + 2*w = 622. Is c prime?
False
Let c(u) = -5*u - 1. Let o be c(-1). Suppose -6*n + n = o*i - 54, -23 = -3*i + 5*n. Is i a composite number?
False
Let t = 10 + -32. Let d = t - -48. Is d a prime number?
False
Let h(c) = -2*c - 4. Let y be (-16)/6 + 4/(-12). Let l be h(y). Suppose t - 327 = -l*t. Is t composite?
False
Let y = -2 - -1. Let g be y + 1 + -69 + 1. Is (-4)/12 + g/(-6) a prime number?
True
Suppose j + 2*g - 481 = 0, 2*g + 3*g + 453 = j. Is j a composite number?
True
Suppose 2*i = 4*n + 2306, 2*n = -1 - 1. Is i a composite number?
False
Let a = -486 - -1223. Is a prime?
False
Let p(a) be the second derivative of -4/3*a**3 + 0 - 1/2*a**2 - a. Is p(-5) prime?
False
Suppose 0 = 5*o - 22 + 2. Suppose o*c - 132 = -5*f, -32 = -5*c - 2*f + 150. Suppose 4*r - 110 = -3*j, -4*j - 4*r + 110 + c = 0. Is j prime?
False
Suppose t - 2*t + 127 = 0. Is t a prime number?
True
Let x = 47 + -24. Suppose 0 = -t - 8 - 4. Let k = t + x. Is k a composite number?
False
Let t(a) = -5*a**3 - 2*a**2 - 2*a + 3. Let g(j) = -j**3 - j**2 + j + 1. Let q(k) = 3*g(k) - t(k). Let m be q(4). Suppose -m = -0*h - 4*h. Is h a prime number?
False
Suppose -n - 267 = -r - 58, 5*n = -r + 209. Is r a prime number?
False
Is (3 - 49/21)/(2/3453) a prime number?
True
Let z be 1135/5 - (2 + -3). Suppose x - z - 137 = 0. Is x a prime number?
False
Let w(g) = -614*g - 17. Is w(-2) prime?
False
Suppose -4*m - 2*k + 0*k = -3404, 0 = -3*m + 4*k + 2553. Is m a composite number?
True
Suppose 5*d + m - 9237 = 0, -5 = -2*m - 1. Is d a composite number?
False
Suppose 3*b = -2*b - 445. Let z = -58 - b. Is z prime?
True
Suppose i + 3*i = 12. Suppose 2*s + 0*n - 206 = i*n, 3*s - 2*n - 299 = 0. Is s prime?
True
Is -2*(0 - (-89)/(-2)) a prime number?
True
Let i(h) = h**2 - 6*h + 4. Let v be i(5). Let b be 2 + (21/v)/3. Let z(j) = -j + 1. Is z(b) a prime number?
False
Suppose -9*k + 390 + 4947 = 0. Is k a composite number?
False
Suppose 2*q + 3*p + 0*p = 261, -2*q = -4*p - 254. Suppose 0 = -u + q + 82. Is u a prime number?
True
Let d(h) = -h**2 - 9*h. Let u be d(-8). Let c(s) = 5*s**2 - 7*s + 7. Is c(u) composite?
False
Let g(b) = 5*b**2 + 4*b + 1. Let z be (-2)/4*-2 + 5. Is g(z) prime?
False
Suppose 0 = -6*h + 7*h. Suppose -i + 2*b = -143, -5*i - 4*b - b + 640 = h. Is i composite?
True
Suppose 1407 = 3*p + 4*o, -3*p + 19*o + 1407 = 14*o. Is p a prime number?
False
Let g = -4335 + 3094. Is g/(-3) - 4/6 a composite number?
True
Let p(k) = -31*k**3 - 2*k**2 + 6*k - 3. Let m be p(-5). Suppose 0 = -6*f + 1134 + m. Is f a composite number?
False
Let m = 0 + 3. Suppose 5*h - 256 = -j, -4*j + 9*j - 158 = -m*h. Is h prime?
False
Let g be (-2)/(-6) - 5/15. Suppose g = -5*x + 6 - 56. Let m = 29 + x. Is m a prime number?
True
Let r(c) = -c**2 - 5*c + 6. Let y be r(-6). Suppose y = 3*q - 16 - 14. Is q composite?
True
Let k(n) = 3*n**3 - 4*n**2 - 5*n + 5. Let v(s) = -s**3 + s - 1. Let j(g) = -k(g) - 2*v(g). Let d = 3 - -1. Is j(d) a composite number?
True
Is (-1781)/(-3) - (-4)/(-6) prime?
True
Suppose 23 + 44 = x + 3*j, 167 = 2*x - 5*j. Suppose 0*w - x = 2*w. Let g = w + 117. Is g a prime number?
True
Is 1*581 + 7 + -7 a prime number?
False
Let z = 15 - -21. Suppose 4*c + 4 = -16, 4*c + 11 = -3*k. Suppose z = k*y - 21. Is y a composite number?
False
Let a(p) = -p**3 - 12*p**2 - 13*p - 14. Let b be a(-11). Suppose 7*u - b*u = -159. Is u prime?
False
Suppose 5*q - 20 = 3*q. Suppose -r - 2*t - q = -0*t, 0 = -5*t - 10. Is r*-5*2/6 a composite number?
True
Let o(m) = -3*m + 1. Let d be o(-1). Is -4 - (0/d + -147) a prime number?
False
Let l be (80/(-12))/(1/(-12)). Suppose 2*d - l = -2*k, 5*d + 2*k = 4*d + 45. Is d a prime number?
False
Suppose y - 4*y - 33 = 0. Let z = y + 16. Suppose 3*l - 149 = 5*a, -z*l + 0*a = a - 267. Is l a prime number?
True
Let u(a) = -103*a + 11. Let m(w) = 52*w - 5. Let r(x) = 13*m(x) + 6*u(x). Suppose 0 = 3*q + q - 4. Is r(q) a composite number?
False
Let o(d) = d**2 + 4*d - 2. Suppose 3*z = 2*z + 15. Let m be 5/2*18/z. Is o(m) prime?
True
Let n(o) = 526*o - 11. Is n(8) a composite number?
True
Let j(b) = -b + 3. Let t be j(3). Suppose t = -0*q - 3*q + 2*l + 235, -4*l = 4*q - 300. Is q a composite number?
True
Let m(x) = 31*x + 1. Let d be m(3). Let f = d - 60. Suppose 15 = -5*c, 35 = 3*g - 4*c - f. Is g a composite number?
False
Let s = 453 - 191. Is s a prime number?
False
Let a be (-20)/3*(-60)/50. Suppose s - 11 = -0*s. Let h = s + a. Is h prime?
True
Let t(w) = 37*w + 5. Is t(2) a composite number?
False
Suppose -4*k = 4*n - 584, 5*n - n + 12 = 0. Is k a prime number?
True
Suppose -w = -0*w. Let h be w*(1 - 2 - 0). Suppose -4*c - 48 = -4*p - h, -3*p - 2*c + 51 = 0. Is p a composite number?
True
Let n(a) = -a**2 - 11*a + 11. Is n(-8) prime?
False
Suppose -5*n + 126 + 4 = 0. Suppose -4*k = 4*r - 44, -5*r + n = k - 5. Is 112/k + 3/9 prime?
True
Let w(a) be the second derivative of -a**6/120 + 2*a**5/15 - a**4/12 - a**3/6 + a**2 - a. Let g(x) be the first derivative of w(x). Is g(4) composite?
True
Let m = 75 + -118. Let w = -36 + 12. Let q = w - m. Is q composite?
False
Let r be 1/(-1 + (-18)/(-15)). Suppose 1 = -2*t - r. Is 15 - ((-3)/t - 1) a composite number?
True
Let n = -4 - -7. Let z(x) = -x - x - n*x. Is z(-5) a composite number?
True
Suppose 2*t + 9 = f - t, 4*f + 4*t = -12. Suppose 3*l = -5*i + 366, -i + 5*l = -f*i - 90. Suppose 2*q + q = i. Is q a prime number?
False
Let a = 3314 + -2343. Is a a composite number?
False
Let l = 0 + 1. Suppose r - l = 5. Is r composite?
True
Let t be (-15)/(-2)*36/15. Suppose 4*i + 5*y = -0*i + t, -3*i = -3*y - 27. Is i composite?
False
Let n = -6 - 0. Suppose -b + 10 = -0. Let f = n + b. Is f a composite number?
True
Suppose -12*n + 22057 = -5*n. Is n a composite number?
True
Let l be (291/4)/((-2)/(-8)). Suppose -j = -m - 2 - 77, 4*j = -m + l. Suppose 14 - j = -4*v. Is v a composite number?
True
Let y(t) = t**2 - 8*t - 3. Let h be 56/6 + (-1)/3. Let c be y(h). Is 110/c + (-4)/(-6) a composite number?
False
Suppose 42 = 3*b - 0. Is -37*1*b/(-2) composite?
True
Let k be ((-1)/2)/(2/(-1196)). Suppose -152 = -5*b + 4*g + k, 454 = 5*b - g. Is b a prime number?
False
Let t = 689 - -584. Is t a prime number?
False
Is 2770/8 + (-12)/(-16) composite?
False
Is (2 + -5)*1/(-6)*3386 prime?
True
Let o be (-5*1 - 1) + 0. Let j = -2 - o. Suppose -5*y - 4*i + 31 = -4*y, -2*y = j*i - 66. Is y a composite number?
True
Suppose 0 = 4*l - 3*t + 85, l + 31 = -4*t - 14. Let b = 38 + l. Suppose 0*p + p = b. Is p prime?
True
Suppose -5*y - 4*c + 20 = 0, 3*y - 2*y = -5*c + 4. Suppose 7*f + 241 = 4*z + 2*f, -234 = -y*z - 2*f. Is z prime?
True
Let w be ((-1)/2)/((-1)/12). Let m(g) = g**3 - 7*g**2 + 9*g - 3. Is m(w) prime?
False
Let m be 4/(-6) + (-3766)/21. Let t = -83 - m. Is t composite?
False
Suppose 0 = 4*d - d. Suppose d = 3*c - 12. Is 50/c - (-2)/4 prime?
True
Let u(o) = o**2 - 14*o + 5. Let p(m) = -m**2 + 15*m - 4. Let x(g) = -4*p(g) - 5*u(g). Suppose -3*h + 0*h + 18 = 0. Is x(h) a composite number?
True
Let t(z) = z + 3. Let w(y) = 4*y**3 + 2*y**2 + y. Let m be w(-1). Let a be t(m). Is (a + -226)*7/(-14) prime?
True
Let d = -1228 + 2087. Is d a prime number?
True
L